{"id":1881,"date":"2022-11-18T08:05:50","date_gmt":"2022-11-18T08:05:50","guid":{"rendered":"https:\/\/bergkapellebadbleiberg.at\/bk_wpress\/?page_id=1881"},"modified":"2024-02-07T12:23:33","modified_gmt":"2024-02-07T12:23:33","slug":"impressum","status":"publish","type":"page","link":"https:\/\/bergkapellebadbleiberg.at\/bk_wpress\/impressum\/","title":{"rendered":"Impressum"},"content":{"rendered":"\t\t<div data-elementor-type=\"wp-page\" data-elementor-id=\"1881\" class=\"elementor elementor-1881\">\n\t\t\t\t\t\t<section class=\"elementor-section elementor-top-section elementor-element elementor-element-7d9f5fc elementor-section-boxed elementor-section-height-default elementor-section-height-default\" data-id=\"7d9f5fc\" data-element_type=\"section\">\n\t\t\t\t\t\t<div class=\"elementor-container elementor-column-gap-default\">\n\t\t\t\t\t<div class=\"elementor-column elementor-col-100 elementor-top-column elementor-element elementor-element-466ec94\" data-id=\"466ec94\" data-element_type=\"column\">\n\t\t\t<div class=\"elementor-widget-wrap elementor-element-populated\">\n\t\t\t\t\t\t<div class=\"elementor-element elementor-element-c492fc7 elementor-widget elementor-widget-text-editor\" data-id=\"c492fc7\" data-element_type=\"widget\" data-widget_type=\"text-editor.default\">\n\t\t\t\t<div class=\"elementor-widget-container\">\n\t\t\t\t\t\t\t<p style=\"text-align: center;\">Angaben gem\u00e4\u00df Informationspflicht laut \u00a75 E-Commerce Gesetz, \u00a714 Unternehmungsgesetzbuch,<\/p><p style=\"text-align: center;\">\u00a763 Gewerbeordnung und Offenlegungspflicht laut \u00a725 Mediengesetz.<\/p><p style=\"text-align: center;\">BERGKAPELLE BAD BLEIBERG<br \/>ZVR: 137828376<\/p><p style=\"text-align: center;\">Torbachweg 4<br \/>9530 Bad Bleiberg<br \/>\u00d6sterreich<\/p><p style=\"text-align: center;\">+43 676 480 4949<\/p>\t\t\t\t\t\t<\/div>\n\t\t\t\t<\/div>\n\t\t\t\t\t<\/div>\n\t\t<\/div>\n\t\t\t\t\t<\/div>\n\t\t<\/section>\n\t\t\t\t<section class=\"elementor-section elementor-top-section elementor-element elementor-element-5df1738 elementor-section-boxed elementor-section-height-default elementor-section-height-default\" data-id=\"5df1738\" data-element_type=\"section\">\n\t\t\t\t\t\t<div class=\"elementor-container elementor-column-gap-default\">\n\t\t\t\t\t<div class=\"elementor-column elementor-col-100 elementor-top-column elementor-element elementor-element-75ffab5\" data-id=\"75ffab5\" data-element_type=\"column\">\n\t\t\t<div class=\"elementor-widget-wrap elementor-element-populated\">\n\t\t\t\t\t\t<div class=\"elementor-element elementor-element-6c44021 elementor-widget elementor-widget-text-editor\" data-id=\"6c44021\" data-element_type=\"widget\" data-widget_type=\"text-editor.default\">\n\t\t\t\t<div class=\"elementor-widget-container\">\n\t\t\t\t\t\t\t<p style=\"text-align: center;\"><strong>Organschaftliche Vertreter<\/strong><br \/>Obmann: Mario Glantschnig<br \/>Obmann Stellvertreter: Corinna Morgenfurt<\/p><p style=\"text-align: center;\"><strong>Vereinssitz:<\/strong> 9530 Bad Bleiberg<\/p><p style=\"text-align: left;\"><strong>Vereinszweck:<br \/><\/strong><span class=\"dig-Theme dig-Theme--bright dig-Mode--bright In-Theme-Provider\">Der Verein ist nicht auf Gewinn ausgerichtet. Er verfolgt ausschlie\u00dflich und unmittelbar kulturelle Zwecke. Der Verein, bezweckt die musikalische Umrahmung der wechselvollen Geschehnisse im Bleiberger Hochtal sowie die Durchf\u00fchrung diverser Veranstaltungen(Fremdenverkehrskonzerte, Fr\u00fchschoppen, sonstige Konzerte). Ein gro\u00dfes Anliegen ist auch die Aufrechterhaltung der Bleiberger Knappenkultur, durch das Tragen einer historischen Uniform mit Tschak+wei\u00dfem Federbusch und einem Bergleder das auch umgangssprachlich als \u201eArschleder\u201cbezeichnet wird.<\/span><strong><br \/><\/strong><\/p>\t\t\t\t\t\t<\/div>\n\t\t\t\t<\/div>\n\t\t\t\t\t<\/div>\n\t\t<\/div>\n\t\t\t\t\t<\/div>\n\t\t<\/section>\n\t\t\t\t<section class=\"elementor-section elementor-top-section elementor-element elementor-element-363957c elementor-section-boxed elementor-section-height-default elementor-section-height-default\" data-id=\"363957c\" data-element_type=\"section\">\n\t\t\t\t\t\t<div class=\"elementor-container elementor-column-gap-default\">\n\t\t\t\t\t<div class=\"elementor-column elementor-col-100 elementor-top-column elementor-element elementor-element-bbb6123\" data-id=\"bbb6123\" data-element_type=\"column\">\n\t\t\t<div class=\"elementor-widget-wrap elementor-element-populated\">\n\t\t\t\t\t\t<div class=\"elementor-element elementor-element-220454c elementor-widget elementor-widget-text-editor\" data-id=\"220454c\" data-element_type=\"widget\" data-widget_type=\"text-editor.default\">\n\t\t\t\t<div class=\"elementor-widget-container\">\n\t\t\t\t\t\t\t<p><strong>EU-Streitschlichtung<\/strong><br \/>Gem\u00e4\u00df Verordnung \u00fcber Online-Streitbeilegung in Verbraucherangelegenheiten (ODR-Verordnung) m\u00f6chten wir Sie \u00fcber die Online-Streitbeilegungsplattform (OS-Plattform) informieren.<br \/>Verbraucher haben die M\u00f6glichkeit, Beschwerden and die Online Streitbeilegungsplattform der Europ\u00e4ischen Kommission unter <br \/>https:\/\/ec.europa.eu\/consumers\/odr\/main\/ zu richten. <br \/>Die daf\u00fcr notwendigen Kontaktdaten finden Sie oberhalb in unserem Impressum.<\/p>\t\t\t\t\t\t<\/div>\n\t\t\t\t<\/div>\n\t\t\t\t\t<\/div>\n\t\t<\/div>\n\t\t\t\t\t<\/div>\n\t\t<\/section>\n\t\t\t\t<section class=\"elementor-section elementor-top-section elementor-element elementor-element-ee5d745 elementor-section-boxed elementor-section-height-default elementor-section-height-default\" data-id=\"ee5d745\" data-element_type=\"section\">\n\t\t\t\t\t\t<div class=\"elementor-container elementor-column-gap-default\">\n\t\t\t\t\t<div class=\"elementor-column elementor-col-100 elementor-top-column elementor-element elementor-element-79b64af\" data-id=\"79b64af\" data-element_type=\"column\">\n\t\t\t<div class=\"elementor-widget-wrap elementor-element-populated\">\n\t\t\t\t\t\t<div class=\"elementor-element elementor-element-93feb85 elementor-widget elementor-widget-text-editor\" data-id=\"93feb85\" data-element_type=\"widget\" data-widget_type=\"text-editor.default\">\n\t\t\t\t<div class=\"elementor-widget-container\">\n\t\t\t\t\t\t\t<p><strong>Haftung f\u00fcr Inhalte dieser Webseite<\/strong><br \/>Wir entwickeln die Inhalte dieser Webseite st\u00e4ndig weiter und bem\u00fchen uns korrekte und aktuelle Informationen bereitzustellen.<br \/>Leider k\u00f6nnen wir keine Haftung f\u00fcr die Korrektheit aller Inhalte auf dieser Webseite \u00fcbernehmen, speziell f\u00fcr jene, die seitens Dritter bereitgestellt werden.<br \/>Als Dienstanbieter sind wir nicht verpflichtet, die von Ihnen \u00fcbermittelten oder gespeicherten Informationen zu \u00fcberwachen oder nach Umst\u00e4nden zu forschen, die auf eine rechtswidrige T\u00e4tigkeit hinweisen<br \/><br \/>Unsere Verflichtungen zur Entfernung von Informationen oder zur Sperrung der Nutzung von Informationen nach den allgemeinen Gesetzen aufgrund von gerichtlichen oder beh\u00f6rdlichen Anordnungen bleiben auch im Fall unserer Nichtverantwortlichkeit davon unber\u00fchrt.<br \/><br \/>Sollten Ihnen problematische oder rechtswidrige Inhalte auffallen, bitten wir Sie uns umgehend zu kontaktieren, damit wir die rechtswidrigen Inhalte entfernen k\u00f6nnen. Sie finden die Kontaktdaten im Impressum.<\/p>\t\t\t\t\t\t<\/div>\n\t\t\t\t<\/div>\n\t\t\t\t\t<\/div>\n\t\t<\/div>\n\t\t\t\t\t<\/div>\n\t\t<\/section>\n\t\t\t\t<section class=\"elementor-section elementor-top-section elementor-element elementor-element-bfdd88e elementor-section-boxed elementor-section-height-default elementor-section-height-default\" data-id=\"bfdd88e\" data-element_type=\"section\">\n\t\t\t\t\t\t<div class=\"elementor-container elementor-column-gap-default\">\n\t\t\t\t\t<div class=\"elementor-column elementor-col-100 elementor-top-column elementor-element elementor-element-960b88c\" data-id=\"960b88c\" data-element_type=\"column\">\n\t\t\t<div class=\"elementor-widget-wrap elementor-element-populated\">\n\t\t\t\t\t\t<div class=\"elementor-element elementor-element-954da0c elementor-widget elementor-widget-text-editor\" data-id=\"954da0c\" data-element_type=\"widget\" data-widget_type=\"text-editor.default\">\n\t\t\t\t<div class=\"elementor-widget-container\">\n\t\t\t\t\t\t\t<p><strong>Haftung f\u00fcr Links auf dieser Webseite<\/strong><br \/>Unsere Webseite enth\u00e4lt Links zu anderen Websites f\u00fcr deren Inhalt wir nicht verantwortlich sind. Haftung f\u00fcr verlinkte Websites besteht f\u00fcr uns nicht, da wir eine Kenntnis rechtswidriger T\u00e4tigkeiten hatten und haben, uns solche Rechtswidrigkeiten auch bisher nicht aufgefallen sind und wir Links sofort entfernen w\u00fcrden, wenn uns Rechtswidrigkeiten bekannt werden.<br \/><br \/>Wenn Ihnen rechtswidrige Links auf unserer Webseite aufffallen, bitten wir Sie uns zu kontaktieren. Sie finden die Kontaktdaten im Impressum.<\/p>\t\t\t\t\t\t<\/div>\n\t\t\t\t<\/div>\n\t\t\t\t\t<\/div>\n\t\t<\/div>\n\t\t\t\t\t<\/div>\n\t\t<\/section>\n\t\t\t\t<section class=\"elementor-section elementor-top-section elementor-element elementor-element-d83f43c elementor-section-boxed elementor-section-height-default elementor-section-height-default\" data-id=\"d83f43c\" data-element_type=\"section\">\n\t\t\t\t\t\t<div class=\"elementor-container elementor-column-gap-default\">\n\t\t\t\t\t<div class=\"elementor-column elementor-col-100 elementor-top-column elementor-element elementor-element-0d93cb4\" data-id=\"0d93cb4\" data-element_type=\"column\">\n\t\t\t<div class=\"elementor-widget-wrap elementor-element-populated\">\n\t\t\t\t\t\t<div class=\"elementor-element elementor-element-eb6b6d2 elementor-widget elementor-widget-text-editor\" data-id=\"eb6b6d2\" data-element_type=\"widget\" data-widget_type=\"text-editor.default\">\n\t\t\t\t<div class=\"elementor-widget-container\">\n\t\t\t\t\t\t\t<p><strong>Urheberrechtshinweis<\/strong><br \/>Alle Inhalte dieser Webseite (Bilder, Fotos, Texte, Videos) unterliegen dem Urheberrecht. <br \/>Bitte fragen Sie uns bevor Sie die Inhalte dieser Webseite verbreiten, vervielf\u00e4ltigen oder verwerten wie zum Beispiel auf anderen Webseiteen erneut ver\u00f6ffentlichen.<br \/>Falls notwendig, werden wir die unerlaubte Nutzung von Teilen der Inhalte unserer Seite rechtlich verfolgen.<br \/><br \/>Sollten Sie auf dieser Webseite Inhalte finden, die das Urheberrecht verletzen, bitten wir Sie uns zu kontaktieren.<\/p>\t\t\t\t\t\t<\/div>\n\t\t\t\t<\/div>\n\t\t\t\t\t<\/div>\n\t\t<\/div>\n\t\t\t\t\t<\/div>\n\t\t<\/section>\n\t\t\t\t<\/div>\n\t\t","protected":false},"excerpt":{"rendered":"<p>Angaben gem\u00e4\u00df Informationspflicht laut \u00a75 E-Commerce Gesetz, \u00a714 Unternehmungsgesetzbuch, \u00a763 Gewerbeordnung und Offenlegungspflicht laut \u00a725 Mediengesetz. BERGKAPELLE BAD BLEIBERGZVR: 137828376 Torbachweg 49530 Bad Bleiberg\u00d6sterreich +43&hellip;<\/p>\n","protected":false},"author":1,"featured_media":0,"parent":0,"menu_order":0,"comment_status":"closed","ping_status":"closed","template":"","meta":{"footnotes":""},"class_list":["post-1881","page","type-page","status-publish","hentry"],"_links":{"self":[{"href":"https:\/\/bergkapellebadbleiberg.at\/bk_wpress\/wp-json\/wp\/v2\/pages\/1881","targetHints":{"allow":["GET"]}}],"collection":[{"href":"https:\/\/bergkapellebadbleiberg.at\/bk_wpress\/wp-json\/wp\/v2\/pages"}],"about":[{"href":"https:\/\/bergkapellebadbleiberg.at\/bk_wpress\/wp-json\/wp\/v2\/types\/page"}],"author":[{"embeddable":true,"href":"https:\/\/bergkapellebadbleiberg.at\/bk_wpress\/wp-json\/wp\/v2\/users\/1"}],"replies":[{"embeddable":true,"href":"https:\/\/bergkapellebadbleiberg.at\/bk_wpress\/wp-json\/wp\/v2\/comments?post=1881"}],"version-history":[{"count":31,"href":"https:\/\/bergkapellebadbleiberg.at\/bk_wpress\/wp-json\/wp\/v2\/pages\/1881\/revisions"}],"predecessor-version":[{"id":3127,"href":"https:\/\/bergkapellebadbleiberg.at\/bk_wpress\/wp-json\/wp\/v2\/pages\/1881\/revisions\/3127"}],"wp:attachment":[{"href":"https:\/\/bergkapellebadbleiberg.at\/bk_wpress\/wp-json\/wp\/v2\/media?parent=1881"}],"curies":[{"name":"wp","href":"https:\/\/api.w.org\/{rel}","templated":true}]}}